13). Let h(o) = -2 + 3*o - 1 - 2*o - p. Give h(7).
2
Let y(h) = -6*h + 2*h - 1 - 3*h + 6*h. Let d(w) = -w**2 + 2*w + 8. Let p be d(5). Determine y(p).
6
Let u be 3321/(-205) + (2 - (-14)/(-5)). Let j(g) = -g**2 - 19*g - 37. Calculate j(u).
-3
Let h(y) = -y + 12. Suppose -10*g - 16 = -4*v - 14*g, 4*v - 4*g - 48 = 0. What is h(v)?
4
Let t be ((-4)/(-1)*-2)/(10/(-15)). Let r(s) = s**3 - 13*s**2 + 14*s - 13. Determine r(t).
11
Let n(c) = 24*c**2 + 7*c - 6. Let o(p) = 43*p**2 + 14*p - 11. Let z(f) = -9*n(f) + 5*o(f). Let h = -4 + 11. Determine z(h).
-1
Let z(m) = -4*m**2 + 4*m. Let v(i) = -9*i**2 + 9*i - 1. Let h(j) = -3*v(j) + 7*z(j). Let p be 180/144*12/5. Calculate h(p).
-3
Let c(r) = 49*r**3 + 2*r**2 + 12*r - 5. Let m(t) = 25*t**3 + t**2 + 5*t - 2. Let l(w) = 2*c(w) - 5*m(w). Determine l(-1).
27
Let l(u) be the second derivative of u**5/20 + u**4/4 + u**3/2 + 581*u. Suppose 1 + 7 = -4*s. What is l(s)?
-2
Let i(l) = -l**3 - 7*l**2 + 12*l - 5. Let m(r) = -r**3 - 8*r**2 + 13*r - 6. Let t(k) = -7*i(k) + 6*m(k). Let s be ((-192)/(-144))/((-2)/6). Give t(s).
-25
Let f(y) be the third derivative of y**9/60480 + y**8/6720 - y**7/2520 - y**6/240 + y**5/60 + 13*y**2. Let i(n) be the third derivative of f(n). What is i(-2)?
5
Suppose -32 - 8 = -4*m + t, 2*m - 4*t - 34 = 0. Let p be (-12)/8*(-30)/m. Let h(s) = 3*s - 4. Give h(p).
11
Let z(x) = -x**3 + 6*x**2 - 7*x + 6. Let y be z(5). Let s(d) = -d**3 - 5*d**2 - 5*d. Determine s(y).
4
Let r(c) = -2*c**2 + 25*c + 15. Let z be r(13). Let x(m) = 158*m**3 - 2 - 79*m**3 - 78*m**3 - m**z. Give x(0).
-2
Let i(w) = -w**3 + 6*w**2 - 6*w + 9. Let n be i(5). Let x(g) = n*g - 5*g + 8*g - 2 - 5*g. Let z = 5 - -1. Calculate x(z).
10
Let a(s) be the third derivative of 7*s**2 - 1/2*s**3 + 0*s - 1/24*s**4 + 0. Determine a(-4).
1
Let t(k) be the first derivative of -k**6/120 - k**5/12 + 5*k**4/24 - k**3 + k**2/2 + 25*k - 4. Let a(l) be the second derivative of t(l). Give a(-6).
0
Let w(s) = s**3 + 3*s**2 - 2*s + 3. Let o be -7*((-6)/(-7) + 0). Let t = -6 - o. Suppose 0 = d - t + 4. Calculate w(d).
-5
Let z(k) = -k**2 + 11*k + 6. Let l = 36 + -25. Let h be z(l). Let f(n) = n - 8. Let i(t) = -t. Let o(j) = -f(j) + 2*i(j). What is o(h)?
-10
Let k(y) = -y**3 + 20*y**2 + 48*y - 72. Let d be k(22). Let h(l) = l**2 - 15*l - 21. Give h(d).
-5
Let s(k) = -k**2 + k - 5. Suppose 13*l = 418 - 2. Let q = l + -32. Give s(q).
-5
Suppose 4*j = z - 6, -13*z + 12*z = -2*j - 4. Let l(v) = -2*v - 1. Give l(z).
-5
Let g(r) = -5*r**2 + 23*r + 11. Let m(v) be the first derivative of 2*v**3/3 - 4*v**2 - 4*v + 6. Let j(q) = -3*g(q) - 8*m(q). Let k = -114 - -110. What is j(k)?
3
Let m = 132 + -128. Let n(k) = -5*k + 6. Let a(q) be the second derivative of 27*q**3/2 - 48*q**2 + 2*q. Let z(c) = -2*a(c) - 33*n(c). Give z(m).
6
Let r(b) = 5*b + 1. Let s(k) = -26*k - 5. Let o(f) = -11*r(f) - 2*s(f). Calculate o(-2).
5
Let x(i) = i. Let f be 0/(3/(-3)) + 10. Let m be 114/15 - (-4)/f. What is x(m)?
8
Let y(s) = s**2 + s - 2. Let v(w) = w**2 + 13*w + 43. Let r be v(-7). Give y(r).
0
Let s(u) = -u**3 + 2*u**2 + 4*u - 1. Let m be s(3). Let o(x) = 2*x**3 - 2 - 3*x**3 + 8*x**2 - x**m - 5 + x. Determine o(7).
0
Let s(y) = 8*y + 4. Suppose -2*d + 5*c + 16 - 20 = 0, 3*d + 5*c = 19. Calculate s(d).
28
Let a(o) = o**3 + o**2 + 2*o + 5. Suppose -2*x - 11 = 3*w, -4*w + 8*x - 14 = 10*x. Give a(w).
-19
Let p(y) = 2*y + 7. Let b be p(-5). Let o(q) be the second derivative of 0 + 1/6*q**3 + 1/2*q**2 - 22*q + 1/4*q**4 + 1/20*q**5. Calculate o(b).
-2
Suppose 0 = -4*c - 3*u - 8, c + 7*u + 2 = 3*u. Let q = c + -4. Let v(p) = -p**2 - 4*p + 2. Calculate v(q).
-10
Let l(m) = 2. Let o(f) = -f + 1. Let h(s) = 3*l(s) - 2*o(s). Let x(r) = -r**3 - r**2 - 6. Let p be x(0). Calculate h(p).
-8
Let g(y) = 20*y - 3 + 6*y**2 - 4*y**2 - 45*y + 22*y. Calculate g(3).
6
Let t(b) = -4*b**2 + 11493*b + 2*b**3 + 6 - 3*b**3 - 11491*b. Give t(-3).
-9
Let h be 3924/162 - ((-2)/(-9))/1. Let u = h + -16. Let t(i) = i - 4. Calculate t(u).
4
Let a be 33/21 - (6/(-7))/2. Let l(f) = -4*f + 3 + 5*f**a + 5*f - f + f**3. What is l(-5)?
3
Let g(j) = j**2 - 6*j + 8. Let r be g(7). Suppose 5*u = i - 2*i + r, 5*u = i + 15. Let y(x) = 0*x**u + x**3 - 3*x + 3*x + 9 + x**2. Calculate y(0).
9
Let g(c) = -5 + 4 + 0. Let w(m) = m**2 - m - 6. Let l(a) = 2*g(a) - w(a). What is l(3)?
-2
Let x(i) = -i + 1. Let z(a) = -a**3 + 4*a**2 + a + 8. Let c(o) = 4*x(o) - z(o). Let n = -93 + 98. What is c(n)?
-4
Let z(g) = g + 16. Let t be z(-14). Let m(v) = v**2 + 10 - 7 + 2*v - t + 0 + 7*v**3. Give m(-1).
-7
Let g = -716 + 718. Let b(m) = -5*m**2 - m + 2. Give b(g).
-20
Let f = -113 + 118. Let p(w) = -w + 3. What is p(f)?
-2
Let o(n) = -n - 2. Let i be (-54)/90 - 52/(-20). What is o(i)?
-4
Let q(m) = m**3 - 6*m**2 + 6*m - 1. Let l be q(5). Let f be 1*l - (9 + -7). Let c(y) = 4 - 3*y + y - 6. What is c(f)?
-6
Let x(q) = q**3 - 9*q**2 + q - 5. Let s(o) = -2 - o**2 + 2*o**2 + 3. Let i(r) = -5*s(r) - x(r). Let f = -1162 - -1165. Calculate i(f).
6
Suppose b + 2*s = 13 - 2, -5*s + 32 = 4*b. Let w(m) = -156 - m + 155 + m**2 + m**b + 2*m. Give w(1).
2
Let n(r) be the first derivative of r**3/3 + 3*r**2/2 - 9*r - 12. Let q be n(-5). Let t(k) = 8*k**2 - k + 1. Give t(q).
8
Let x(o) be the second derivative of o**4/12 - o**3/3 - 3*o**2/2 - 17*o. Let a(b) = b**3 - 4*b**2 + 3*b + 3. Suppose 0*l = -l + 3. Let d be a(l). Give x(d).
0
Let n(q) = -7*q**3 - q**2 + 2*q + 3. Let s be n(-1). Suppose 2*c + d + 23 = 0, 0*c - 4*d + s = -c. Let l(p) = -p**2 - 13*p - 16. What is l(c)?
6
Let m(t) = 3*t**2 + 4*t. Let u(h) = h**2 + h. Let s(x) = -m(x) + 4*u(x). Suppose -3*q + 5*f + 1 = 0, 4*f + 4 = 3*q + 2*f. Give s(q).
4
Let i(s) = 6*s - 49*s**2 + 2*s**3 - 22*s**2 - 6 - 3*s**3 + 72*s**2. Determine i(3).
-6
Let v(c) be the second derivative of 29*c + 0*c**2 + 1/6*c**3 + 0. Suppose 0 = n - 5*g - 6, -2*n - 12 + 0 = 2*g. Give v(n).
-4
Let z(t) be the first derivative of t**4/2 + t**2/2 - 1. Let i(y) = 3*y + 29. Let s be i(-10). Determine z(s).
-3
Let q(f) be the second derivative of -1/2*f**2 - 5/6*f**3 + 0 - 13*f. Determine q(-1).
4
Let r(x) = -2104*x**2 + 1051*x**2 - 15*x + 2 + 1052*x**2. Give r(-16).
-14
Let f(l) be the third derivative of l**4/24 - 2*l**3/3 - 552*l**2. Calculate f(13).
9
Let h(r) be the third derivative of r**5/30 + r**4/8 + r**3/6 - 17*r**2. Let f(u) = 6*u + 9. Let q be f(-2). Calculate h(q).
10
Let r = -1 + 5. Let u(m) = m + 1. Let z(k) = 12*k + 6. Let w(l) = 6*u(l) - z(l). Determine w(r).
-24
Let a(u) = 17*u**2 - 10*u + 10. Let v(z) = 3*z**2 - 2*z + 2. Let f(y) = -2*a(y) + 11*v(y). What is f(-2)?
2
Let r(l) = -l**2 - 18*l - 30. Let t be r(-16). Let z(k) = -k**3 - 2*k**2 + 2*k + 2. Give z(t).
-10
Let y(n) = -9*n - 7. Suppose -1 = 3*o - 4. Suppose -4*r - 21 + o = 0. Let u(w) = -10*w - 8. Let a(l) = r*u(l) + 6*y(l). Calculate a(-2).
6
Let v = 5 + -1. Suppose -2*b + v = 2*b. Let o(n) = -8*n + 8*n - n**3 - b. Calculate o(0).
-1
Let c(f) = 2*f**2 + 7*f - 8. Let b(r) = -r**2 - 2. Let l(i) = -b(i) - c(i). Determine l(-8).
2
Let a(i) be the first derivative of -i**3/3 - 3*i**2/2 + 6*i - 15. Give a(-6).
-12
Let r(s) = s**2 - 2*s - 9. Let y be r(-2). Let q = -11 - -17. Let i(h) = h + q*h + 4*h. Calculate i(y).
-11
Let g be (-2)/15 - (-5 - (-532)/60). Let r(v) be the second derivative of -v**5/20 - v**4/4 + v**3/2 - v**2 - v. Calculate r(g).
2
Let t(d) = 4*d**2 - d - 1. Let h = 5 + -5. Let w(g) = -3*g + 2. Let y be w(h). Determine t(y).
13
Let u(q) = q**3 - 2*q**2 + 9*q - 24. Let v be u(3). Suppose -4*h - 12 = -0*t - 4*t, -4*h + 13 = t. Suppose -h*i - 2*i = -v. Let o(p) = p. Give o(i).
3
Let q = -477 - -495. Let y(z) = -z + 14. What is y(q)?
-4
Let x(m) = m**2 + 4*m - 4. Let b be x(-6). Suppose -7 = 3*p + 2, -2*k - 3*p = -11. Let y(u) = -2*u + 3*u - 2*u - 1 + k. Determine y(b).
1
Suppose 2*i - 7 + 72 = 5*t, 0 = -2*t - i + 35. Let y(n) = 12 + n - t + 10. Determine y(0).
7
Let v(r) be the second derivative of r**3/3 - 5*r**2/2 - 21*r + 1. Calculate v(6).
7
Let i(d) = d**3 + d - 1. Let p(v) = -3*v**3 + v**2 - 3*v + 1. Let r(s) = -3*s - 4. Let n be r(-2). Let g(t) = n*i(t) + p(t). What is g(-1)?
2
Let d(f) = 3*f**3 + f**2 - 2*f + 1. Suppose -6*c + 3*b = -5*c - 16, c - 5*b = 26. Determine d(c).
3
Let q(u) = -u**2 - 3*u + u - 5*u - u - u + 9. What is q